3 + 8*g**2 - 2*g - 3. Let s be y(-4). Suppose s*r + 0*r = 25. Suppose 3*n - r*b - 2057 = 0, 2*n - 8*b - 1368 = -3*b. Is n a composite number?
True
Let n = 9 + -3. Suppose -5*c + n + 6 = -3*s, s = -5*c + 16. Is (s - 3)*(-21753)/18 a prime number?
True
Let y = -2157 - -10161. Suppose v + 3*v = y. Suppose v = 6*q - 993. Is q composite?
False
Let g(c) = c**3 + 8*c**2 - 7*c + 22. Let l be g(-9). Suppose -3*s + u + 2*u = -30, l*s = 2*u + 30. Suppose 1 - s = 2*d, 3*o - 109 = -d. Is o a composite number?
False
Suppose 0 = -5262*g + 5239*g + 602071. Is g composite?
False
Suppose 19*z - 316796 - 127177 = 0. Is z a prime number?
False
Let g = 1503 + -1510. Let r(w) be the third derivative of -w**6/60 - w**5/12 + 13*w**4/24 + 5*w**3/6 + w**2. Is r(g) a prime number?
False
Suppose 5*t - 220558 = 7*h - 9*h, 0 = 3*h + 2*t - 330815. Is h composite?
False
Let u(m) = 483*m**2 + 45*m + 619. Is u(-16) prime?
True
Let z(m) = 4173*m - 5. Let a be z(9). Suppose 14088 = 2*v - 2*s, -4*v - s + a = 9401. Is v composite?
False
Let m(w) = 7 + 7*w - 2*w**3 - 2*w**2 + w**3 + 3*w**2. Suppose -31 = 4*x + 3*d, -4*x - 9*d + 14*d + 9 = 0. Is m(x) a composite number?
False
Suppose r = 4*r - 5*m - 9, -r + 4*m = -3. Let y(a) = 58*a**2 + 15*a - 2. Is y(r) composite?
True
Suppose 114 = 5*t - 2*p - 1234, -t = 5*p - 248. Let s = 943 + t. Is s composite?
True
Is ((-1716308)/(-304))/(4/16) composite?
True
Let j = -678970 + 1134617. Is j composite?
False
Let x(z) = 7*z + 3*z - z**3 + 2 - 12*z - 5*z**2. Let h be x(-4). Let g(i) = -i**3 + 7*i**2 - 10*i - 7. Is g(h) a prime number?
True
Suppose 0 = 11*b - 6*b + 2*s - 12, -b + 4 = 2*s. Suppose -2*r + 3*h + 3746 = -r, 10 = b*h. Is r prime?
True
Suppose 307 = 7*h - 386. Suppose -h*c = -98*c - 3341. Is c composite?
True
Let q = 260 - 256. Suppose 5*l - q*h - 13685 = 0, 0 = -4*l + 2*h + 5024 + 5930. Is l prime?
True
Is ((-924)/56)/((-6)/10298) - 1/2 a prime number?
True
Suppose 11*m = -259 - 49. Let y be (-288)/m - 2/7. Is ((3 - 0) + y)*(-1 + 108) composite?
True
Let u = -262 - -263. Is u/(-1 + 36918/36911) prime?
True
Let i(m) = 135*m**3 - 68*m**2 + 463*m - 61. Is i(6) a prime number?
True
Suppose -78*l + 56*l + 845482 = 0. Is l prime?
True
Suppose -86*o + 50*o + 2023092 = 0. Is o prime?
True
Suppose -t - 5 = -g, 4*t = -g - t - 7. Suppose 2 = -g*h + 4*h. Is (0 + (-2512)/28)/(h/(-7)) prime?
False
Let i(p) be the first derivative of -21*p**2 - 143*p - 69. Is i(-30) prime?
True
Let p(q) = 42*q**2 - 33*q + 14. Let v = -454 + 471. Is p(v) a composite number?
True
Suppose 6*k - 128132 + 20138 = 0. Is k prime?
False
Let z(o) = o**2 + 8*o + 17. Let g be z(-3). Let y(t) = g + 9*t + t**2 - 9 - 6*t + 421*t**3. Is y(2) a prime number?
True
Let p(s) = 2*s - 23. Let n be p(0). Let r = n + 25. Is r/2 + (334 - 4) prime?
True
Is (-2 - -1)/(188153100/17104830 + -11) a prime number?
True
Let a = -58 + 60. Let f(m) = -6*m**2 + 2*m + 2. Let t be f(a). Is t/(-48) - 10090/(-16) composite?
False
Is 88/(-44)*(-80813)/2 a prime number?
False
Suppose 6 = 2*s, -r + 0*r = 5*s - 11690. Let g = 16590 - r. Suppose 0*m + 5*m - g = 0. Is m a composite number?
False
Suppose 46*k - 41*k + 100611 = b, 0 = 5*b + 2*k - 502947. Is b a composite number?
False
Suppose -2*a + 2 = 0, -78*a = -2*t - 81*a - 17623. Let c = t + 36036. Is c a prime number?
False
Let l(g) = -49788*g - 27. Let i be l(-2). Suppose -4*k + 70991 + i = 0. Is k prime?
False
Let y(z) = 376*z**2 - 3*z - 17. Let u be y(4). Is 3 + u - 3/(-1)*-1 composite?
False
Let j = 656423 + -205444. Is j prime?
False
Let t(c) = -2*c - 70. Let g be t(-22). Let h = g + 33. Suppose -9*j + 4016 = h*j. Is j a prime number?
True
Let g(d) = -3910*d - 3. Let i be g(-1). Let s = i - -3996. Is s composite?
True
Suppose -1468530 - 5787884 = -150*p - 711464. Is p prime?
True
Let t be 4/10 - (-52)/(-5). Let g(f) be the third derivative of 7*f**5/20 + f**4/3 - f**3/2 - 118*f**2. Is g(t) composite?
False
Is 70/665 + (-6767910)/(-38) a composite number?
False
Let k be (-1)/7 + 1809/21. Let g = k - 182. Let l = 163 + g. Is l prime?
True
Suppose 7*z - 11*z = -4*p - 240, 0 = -4*z + 2*p + 250. Suppose -74*h = -z*h - 27243. Is h a composite number?
True
Let j = 0 - -2. Suppose j*i + 15 = 3*l, -32 = 5*i - 2*l - 0*l. Is ((-254)/i)/((-2)/(-30)) a composite number?
True
Let o = -1619 + 896. Let b = 1037 + o. Is b a composite number?
True
Suppose 661*a - 340*a = 331*a - 106910. Is a a composite number?
False
Suppose -76 = -0*b + 19*b. Is 11/((-561)/(-183237)) + b/(-34) composite?
False
Suppose 0*i - 8*i = -24. Is 6/(i - 2) - -3067 a composite number?
True
Is 1087534/(45/((-225)/(-10))) composite?
True
Is (280896794/(-1614))/(1/(1*-3)) a composite number?
False
Let m(d) = 5*d**3 - 3*d**2 + 4*d - 1. Let w be m(3). Let r = w - -132. Suppose 246*y = r*y - 1115. Is y composite?
False
Suppose 3*r - 2561 - 1805 = -2*u, 3*u - 6549 = -r. Let s be 6596/(-10) - 2/5. Let h = s + u. Is h a composite number?
False
Let t be 234/(-91) + (-6)/14 + -2. Let q(g) = 14*g**2 - 6*g - 7. Let y be q(t). Suppose -3*k = 5*j - 426 - y, 1319 = 5*k + 2*j. Is k a prime number?
True
Let g(x) = -226*x + 9. Suppose -1 - 13 = 5*l + r, 3*r = 2*l + 9. Is g(l) a prime number?
False
Let t be (-10)/(-75) + 400136/30. Let s = -5360 + t. Is s prime?
False
Suppose 4*r - 87454 = -g, 7*r - 2*g = 4*r + 65607. Is r composite?
True
Let n be (-2)/(-6) - -2*(-635)/30. Let v be (-4)/(32/6) - n/56. Is 2818 + (4 - (3 + v)) a prime number?
True
Let w(s) = -9*s - 2. Let n be w(-1). Suppose 20*t - n*t = 94679. Is t a prime number?
True
Let d = 5273 - 3808. Is d composite?
True
Suppose 0 = -14*i + 11*i + 60. Let j = 14 + i. Suppose j*p = 31*p + 24861. Is p a prime number?
True
Let i(p) = -1 - 16*p**2 - 2*p + 183*p**2 + 233*p**2. Is i(3) a prime number?
True
Let p(o) = -2*o**2 + 433*o + 7. Is p(26) prime?
False
Let u be (-120)/(-12) + (0 - -6). Is (-32)/8*(-18548)/u prime?
True
Let b(j) = -j**2 - 11*j + 4. Let c be b(-11). Suppose -f + 55 = c*f. Is ((671/2)/f)/(1/22) prime?
False
Let l be ((-6)/15)/((-4)/(-10)). Let w = 486 + -2116. Is -5*(l - w/(-25)) prime?
True
Let x(a) = -3*a**3 - 2*a + 6. Let s be x(-4). Let n = s - 650. Is (33/(-12))/(2 - (-891)/n) a prime number?
False
Suppose 0 = l + p - 7619, -3*l + 83*p - 88*p = -22857. Is l a prime number?
False
Suppose 8*l - 166 - 234 = 0. Let t = l + -44. Suppose 2*o - 2344 = -t*o. Is o a composite number?
False
Let f = -2035 - -3085. Suppose -2*a + 1299 = -819. Suppose -4*q = -q + 5*y - f, -2*y = 3*q - a. Is q a prime number?
False
Let q(u) = 186*u + 7. Suppose 0 = -6*a + 16*a - 40. Suppose a*w - w + 4*o - 14 = 0, -o = -4*w + 6. Is q(w) composite?
False
Let d = -27199 + 39186. Is d a composite number?
False
Suppose 39*r + 11*r + 38*r = 12988184. Is r a prime number?
False
Let l be (-1)/(-2*3/7854). Suppose -2*n + 12 = 3*j, 6 = j + 3*n - 5. Suppose -3*g - 4*v = -l, j*v + 2220 = 5*g + v. Is g composite?
False
Let u be (28/6)/(84/285138). Suppose -96*s + 89*s = -u. Is s a prime number?
False
Suppose -13 = -4*a - 3*k - 2*k, 11 = 5*a + k. Let f(d) = -2*d**3 + 3*d**2 + d - 2. Let c be f(a). Is (590/c)/(4/(-8)) a composite number?
True
Let i(b) = -304*b**3 - 2*b**2 + b + 4. Let n(h) = 911*h**3 + 7*h**2 - 3*h - 13. Suppose 9*c - 7*c = 4. Let f(o) = c*n(o) + 7*i(o). Is f(-1) prime?
True
Let b = -271 - -272. Is ((-29)/87)/((-2)/4458*b) a composite number?
False
Suppose 0 = -3*w + 3*u + 5808180, 4*u + 2182087 = w + 246048. Is w prime?
False
Let v(x) = -x**2 - 14 - 43*x + 19*x + 12*x. Let k be v(-11). Is 2/(-6) - ((-988)/k)/(-1) a composite number?
True
Let z be (-110)/(-60) + 2/12 + 26. Let l(o) = 2*o**3 - 53*o**2 + 10*o - 27. Is l(z) a prime number?
False
Is 1/2*-7 - (-16 - (-1657064)/(-16)) a prime number?
False
Suppose 4*s + 297874 = 5*a, 97920 = a - 2*s + 38350. Is a composite?
True
Suppose 21*b - 219588 = 89*b - 20406136. Is b composite?
True
Suppose -28*u - 12 = -32*u. Suppose -u*t = -t - 13490. Suppose -2*n = 5*y - 5245, 5*y - t = -5*n - 1500. Is y composite?
False
Suppose 8*s - 7*s = 8. Suppose 3*z - s*z = -11575. Is z prime?
False
Let j(q) = -1177*q**2 - 19*q + 41. Let o(d) = 589*d**2 + 10*d - 22. Let y(n) = -6*j(n) - 11*o(n). Is y(1) a prime number?
False
Let q(z) = -190*z + 7. Let g(f) = -f**3 + 11*f**2 - 19*f + 1. Suppose 0 = s + 5*r - 4*r - 11, 0 = -5*r + 10. Le